
2, 239
Suppose v - 69 = -20. Suppose -13 - v = -2*w. What are the prime factors of w?
31
Let x = 337 + -146. Suppose -2*f = -j + 99, -2*j = -f + 4*f - x. What are the prime factors of j?
97
Suppose 3710*w - 52965 = 3699*w. What are the prime factors of w?
3, 5, 107
Suppose 0 = -5*n + n + 528. Suppose -7 = 5*r - 37. Suppose -r*b + n = -2*b. List the prime factors of b.
3, 11
Suppose -m = 2*p - 1, 3*m + 9 = 3*p - 6. Suppose -3*j - 3*h + 29 = -283, 0 = 4*j - p*h - 392. List the prime factors of j.
2, 5
Suppose 2*i - 150 = -4*b, -10*b - 5*i + 95 = -8*b. Suppose 101 = 2*u - b. List the prime factors of u.
2, 17
Suppose 0 = -2*x + 6*x - 8. Suppose x*z - 4*y - 21 = 11, 5*z - 40 = 2*y. Suppose z*u - 247 = -19. What are the prime factors of u?
2, 19
Let x(v) = -10 - 18 + 11*v**2 + 22. What are the prime factors of x(-2)?
2, 19
Suppose -5*h = -2*x - 16, 0 = 3*x - 2*x + 3*h - 14. Suppose x*w - 4*w = -226. List the prime factors of w.
113
Suppose -12562 - 12467 = -9*q. List the prime factors of q.
3, 103
What are the prime factors of (-8 + 120/12)*(-3455)/(-2)?
5, 691
Let b = 504 - 327. Let q = -77 + b. List the prime factors of q.
2, 5
What are the prime factors of (-28540)/(-52) + 14/91?
3, 61
Let l(r) = r**3 - 3*r**2 - 4*r + 5. Let s = 9 + -5. Let k be l(s). Suppose k*w = 4*w + 3. What are the prime factors of w?
3
Let l = 344 - -341. List the prime factors of l.
5, 137
Let t = -673 - -1167. What are the prime factors of t?
2, 13, 19
Suppose -i = -v - 1104, -3340 = -3*i - 7*v + 3*v. Suppose -4*b + i = -4*p, -5*b + 442 = 4*p - 907. What are the prime factors of b?
3, 7, 13
Let g be (25/(-15) + -3)*2*-6. Let n = g + 90. List the prime factors of n.
2, 73
Suppose -w + 4*w - 15 = 0. Suppose -5*z - 25 - 150 = -w*p, 0 = -4*p + 3*z + 142. Let o = p + -4. List the prime factors of o.
3, 11
What are the prime factors of (-7013)/(-5) + 14*7/245?
23, 61
Let a be 0/(1 - 0 - 3). Suppose a = 2*l - 0 - 8. Suppose 4*g + p - 26 = 0, l*g - 18 - 14 = -4*p. List the prime factors of g.
2, 3
Let j(r) = r**3 - r + 1295. What are the prime factors of j(0)?
5, 7, 37
Let t = -12 - -19. Let k = t - 3. List the prime factors of 1100/28 - k/14.
3, 13
Suppose 0 = -161*l + 153*l + 8560. What are the prime factors of l?
2, 5, 107
Let v = 4333 + -3034. List the prime factors of v.
3, 433
Suppose -513 = -4*c - 3*y, 2*y + 538 = -0*c + 4*c. Suppose -4*f - 2*w + 484 = 0, -3*f - 5*w = -4*f + c. What are the prime factors of f?
2, 61
Suppose 3*u - 2*d = 1043, -767 = -4*u - 3*d + 652. Suppose 2*q = 5*i + 134, -u = -4*q + 4*i - 71. List the prime factors of q.
2, 3
Let t = 2513 - 2045. List the prime factors of t.
2, 3, 13
Suppose 5*w + 58 = 3*v + v, -2*v = -5*w - 34. Suppose v*h - 4 = 13*h. What are the prime factors of -1 - (h - -7) - -16?
2, 3
Suppose 4*t + 4463 = -8*q + 11*q, 5*q - 7435 = 5*t. List the prime factors of q.
3, 5, 11
Suppose 3*x - 9*x + 594 = 0. Let t = 175 - x. What are the prime factors of t?
2, 19
Let p = 109 - 116. Suppose 0 = -w + q + q - 63, 0 = 4*w - q + 252. What are the prime factors of (8/3)/(p/w)?
2, 3
Suppose -4*n + y = -80, -y = 3*n + 2*y - 45. Suppose -n - 3 = -2*f. List the prime factors of f.
11
Let h(u) = u**2 - 24*u + 63. Let b be h(21). Suppose -6*s + 435 + 261 = b. List the prime factors of s.
2, 29
Let u(b) = -2*b**3 + b**2 + b + 1. Let o be 1*2/(-1) + -1. Let j(x) = x + 2. Let y be j(o). List the prime factors of u(y).
3
Suppose 16*i - 107215 = -25*i. What are the prime factors of i?
5, 523
Suppose -3*r = -2*r - 18. Suppose 0*y + 1 = -y, -5*s - 3*y = r. List the prime factors of (38 - (s + 5)) + 1.
37
Let j = 75 - 37. Suppose 61 - 11 = 2*z. Let n = j - z. List the prime factors of n.
13
Let j(h) = -h + 6. Let q be (5 + -2)*(-25)/(-15). Suppose q*l = -4*a - 14, 0*l = -3*l + 5*a - 38. List the prime factors of j(l).
2, 3
Let p = -3 - -5. Let z(m) = 0*m + 3*m + 16*m - p*m. What are the prime factors of z(1)?
17
Let t be 4/(-10) + (-48)/(-20). Let h(d) = -3 + 2*d + 2 - d**3 + 6*d - 5*d**t - 5*d. What are the prime factors of h(-6)?
17
Let l(c) be the third derivative of c**6/60 - c**5/20 + c**4/6 + c**3/6 - 15*c**2. What are the prime factors of l(3)?
2, 5
Let n = -10 + 23. Let c(h) = 4*h + 27. What are the prime factors of c(n)?
79
Suppose -4*y - 4*x = -1224, 2*y - 7*x + 8*x - 613 = 0. List the prime factors of y.
307
Let h(y) = -2*y + 8. Let m be h(0). Suppose 0 = 3*u - 1 - 11. Suppose 4*n = u + m. What are the prime factors of n?
3
List the prime factors of (-20)/35 + (243800/56 - -2).
5, 13, 67
Let c be (-24)/10*(-75)/6. Suppose 3*v = c + 9. Let j = v - 0. List the prime factors of j.
13
Suppose -44*q + 28*q + 9760 = 0. List the prime factors of q.
2, 5, 61
Suppose -j - 157 = -5*f, -4*f + 4*j + 10 = -106. Suppose x = -p + 7, 0*p - f = -5*p - 4*x. Let s = p - -12. List the prime factors of s.
2
Let x = 6 - 10. Let w(o) = -o**3 - 4*o**2 + o + 7. Let l be w(x). Suppose 0 = -l*q - 0*q + 21. List the prime factors of q.
7
Let u = 220 - 208. Let g(j) = -12*j + 3*j**2 - 8 - 2*j**2 + 6*j. List the prime factors of g(u).
2
Suppose -2*g - 3*z - 192 = -5*g, 5*g - 326 = 3*z. List the prime factors of g - (38/9 - (-4)/(-18)).
3, 7
Let s(a) be the second derivative of -a**3/2 - 5*a**2/2 + a + 32. Suppose -h = -5*o + 1, 3*h = 4*o - 4 - 10. List the prime factors of s(h).
13
Let f = 185 - -15. Suppose 2*n - 14 = f. List the prime factors of n.
107
Let k = -141 - -273. Let g = 190 - k. Suppose 2*i + 3*c - 9 = i, -4*i - c = -g. List the prime factors of i.
3, 5
Let n(c) = 3*c**2 + 51*c + 254. List the prime factors of n(-43).
2, 11, 41
Let c(f) be the third derivative of 53*f**5/12 + f**4/12 - f**3/2 - 2*f**2 - 11. List the prime factors of c(1).
2, 3, 11
Let l be ((-1760)/12)/(-2) + (-4)/12. What are the prime factors of 1 - (l - 3)/(-5)?
3, 5
Suppose 4*y + 5*t + 0*t - 56 = 0, 3*y + 2*t - 35 = 0. List the prime factors of (315/36)/((y/60)/3).
5, 7
Let k(d) = -d**2 + 10*d - 15. Let c be k(6). Suppose 3*x - 9 - c = g, 3 = g. Suppose -x*n = -9*n + 54. List the prime factors of n.
3
Suppose 0 = 20*x - 2*x - 4878. List the prime factors of x.
271
Let y be 3*(-4 - -1)*1. Let n = 9 + y. Suppose -a + r + 20 = n, 4*r + r - 15 = 0. List the prime factors of a.
23
Let g(v) = -31*v - 11. Let c be g(-1). List the prime factors of ((-8)/c)/(3/(-1845)).
2, 3, 41
Let c be (15 - 0) + (-2 - 0). Suppose 4*q - 53 = -c. List the prime factors of (-116)/(-10) + (-6)/q.
11
Suppose 1 = k, -f + k = -4*f + 16. Suppose -14 = c + 4*i, -f*c + 2*c - 14 = 5*i. Suppose c*m = 32 + 64. List the prime factors of m.
2, 3
Let s(n) = -n**3 + 38*n**2 + 6*n - 76. List the prime factors of s(36).
2, 683
Let z = -807 - -1357. List the prime factors of z.
2, 5, 11
Let d = -9 - -20. Suppose -3*u - 24 = j, d = j + 4*u + 33. Let a = j - -53. List the prime factors of a.
23
Suppose -3*z = -2*i - 4253 + 151, -3*z = -4*i - 4094. List the prime factors of z.
2, 5, 137
Let y be (-4 - (-6 + 2))/1. Suppose y*z + 3*z = 0. What are the prime factors of 4 + z + (-115)/(-5)?
3
Suppose -62832 = -47*s - s. What are the prime factors of s?
7, 11, 17
Suppose 2*b - 1 - 1 = 0. Let l(c) = -b + 4 + 0 - 5 - 7*c. List the prime factors of l(-7).
47
Let v = -26 + -11. Let g(k) = -63*k**3 - k**2 + k. Let i be g(1). Let r = v - i. List the prime factors of r.
2, 13
Suppose -2*s - 6326 = -5*y, 57*y - 53*y = 3*s + 5065. What are the prime factors of y?
2, 79
Suppose -2*j + 3*a + 160 = a, 0 = 2*j - 3*a - 162. Let q = j - 39. List the prime factors of q.
3, 13
Let w be 8*((-69)/12 + -1). Let f = -9 - w. List the prime factors of f.
3, 5
Suppose -4*q + 139 = -141. Suppose 5*t + 2*t - q = 0. What are the prime factors of t?
2, 5
Let x(t) = 3*t**2 + 3*t + 6. Let y be x(-4). Let w = y + 44. List the prime factors of w.
2, 43
Let o(s) = 0*s**2 + 8*s**2 - 4*s**2. Let h = -1 + -1. List the prime factors of o(h).
2
Let j(y) = y**3 - 15*y**2 - 2*y + 58. List the prime factors of j(16).
2, 3, 47
Suppose 2*h + 0*v = -5*v - 20, 2*h - 16 = 4*v. List the prime factors of (2 - h) + (28 - -9).
3, 13
Let c be ((-2)/(-6))/((-44)/9 + 5). Suppose 0*o = c*d + 5*o - 313, -127 = -d + 4*o. What are the prime factors of d?
3, 37
Let u be 52/12 - (-6)/9. Let a be ((-3)/u)/(1/(-115)). Suppose 0 = -2*i - i + s + 179, -5*s = -i + a. What are the prime factors of i